s 4597 a prime number?
True
Is 118117 prime?
False
Is 81401 composite?
False
Is 38539 a prime number?
False
Is 102413 a prime number?
False
Is 35201 a prime number?
True
Is 569111 a prime number?
True
Is 35773 a prime number?
False
Is 220423 a prime number?
False
Is 145946 composite?
True
Is 1811 prime?
True
Is 6803 composite?
False
Is 488035 composite?
True
Is 3659 a composite number?
False
Is 5209 composite?
False
Is 9527 prime?
False
Is 237607 composite?
False
Is 171911 a composite number?
True
Is 50497 a prime number?
True
Is 84514 a composite number?
True
Is 3377 composite?
True
Is 329641 a prime number?
False
Is 197943 a composite number?
True
Is 58309 prime?
True
Is 46481 a prime number?
False
Is 67699 prime?
True
Is 86239 prime?
True
Is 196723 prime?
False
Is 226637 a prime number?
True
Is 3943 composite?
False
Is 452937 composite?
True
Is 14954 composite?
True
Is 6449 composite?
False
Is 7553387 a composite number?
False
Is 65083 prime?
False
Is 18773 a prime number?
True
Is 11617 composite?
False
Is 33593 a composite number?
True
Is 340709 prime?
True
Is 3807769 prime?
False
Is 1402 composite?
True
Is 12197 a composite number?
False
Is 33481 prime?
False
Is 89041 prime?
True
Is 71411 composite?
False
Is 22171 composite?
False
Is 326443 composite?
True
Is 32987 a composite number?
False
Is 12097 a composite number?
False
Is 173771 a prime number?
False
Is 90349 prime?
False
Is 2579 prime?
True
Is 279269 composite?
False
Is 156913 a composite number?
False
Is 7411 a prime number?
True
Is 696409 composite?
True
Is 9521 prime?
True
Is 9337 a composite number?
False
Is 70891 a prime number?
True
Is 807689 a prime number?
True
Is 34939 a prime number?
True
Is 9533 prime?
True
Is 1817821 composite?
False
Is 20021 composite?
False
Is 21509 prime?
False
Is 185441 composite?
False
Is 3271 a composite number?
False
Is 32347 prime?
False
Is 22937 prime?
True
Is 1994162 composite?
True
Is 42043 composite?
False
Is 30883 composite?
True
Is 27179 a prime number?
True
Is 8879 prime?
False
Is 6881 prime?
False
Is 112481 composite?
False
Is 154523 a prime number?
True
Is 95153 a composite number?
False
Is 49729 prime?
False
Is 60589 a composite number?
False
Is 351587 prime?
True
Is 7349 a composite number?
False
Is 18749 a composite number?
False
Is 471287 composite?
True
Is 3223 a prime number?
False
Is 201557 a composite number?
False
Is 12841 a prime number?
True
Is 14987 composite?
True
Is 1515523 prime?
False
Is 301669 a prime number?
True
Is 29123 prime?
True
Is 21635 composite?
True
Is 29426 prime?
False
Is 13033 a composite number?
False
Is 127031 prime?
True
Is 1377961 prime?
False
Is 12223 composite?
True
Is 60823 a prime number?
False
Is 159269 a composite number?
True
Is 1369835 prime?
False
Is 19913 composite?
False
Is 10097 a prime number?
False
Is 17897 a prime number?
False
Is 240013 composite?
True
Is 22189 composite?
False
Is 8191 composite?
False
Is 2497 a composite number?
True
Is 9299 a prime number?
False
Is 1929407 a prime number?
True
Is 82837 prime?
True
Is 67657 prime?
False
Is 717169 a composite number?
True
Is 167303 composite?
True
Is 2411 prime?
True
Is 144511 prime?
True
Is 2839055 composite?
True
Is 60689 a prime number?
True
Is 115247 prime?
False
Is 14709 prime?
False
Is 469 a prime number?
False
Is 124205 a prime number?
False
Is 36653 a composite number?
False
Is 5923 prime?
True
Is 105647 prime?
False
Is 4151 a composite number?
True
Is 3371 a prime number?
True
Is 34807 composite?
False
Is 407 a prime number?
False
Is 13561 composite?
True
Is 1249 composite?
False
Is 20561 a prime number?
False
Is 506929 a composite number?
False
Is 74647 a prime number?
False
Is 33742 a composite number?
True
Is 266983 a composite number?
False
Is 121798 composite?
True
Is 1007 prime?
False
Is 43027 prime?
False
Is 18659 a composite number?
True
Is 37165 prime?
False
Is 47371 a composite number?
True
Is 4213 composite?
True
Is 2290081 a composite number?
False
Is 47267 prime?
False
Is 194141 a prime number?
True
Is 3761 composite?
False
Is 20065 prime?
False
Is 959 composite?
True
Is 296627 composite?
False
Is 31237 composite?
False
Is 764887 prime?
True
Is 1174 a prime number?
False
Is 31277 prime?
True
Is 11038 prime?
False
Is 733297 a prime number?
False
Is 250253 a composite number?
False
Is 10895 composite?
True
Is 355587 composite?
True
Is 20959 composite?
False
Is 532439 a composite number?
False
Is 316205 a prime number?
False
Is 17707 composite?
False
Is 30737 composite?
True
Is 59757 a prime number?
False
Is 532435 prime?
False
Is 1734707 a prime number?
False
Is 234409 composite?
True
Is 1483189 prime?
False
Is 302951 a prime number?
False
Is 527245 composite?
True
Is 3049 a composite number?
False
Is 500083 a prime number?
True
Is 63643 a composite number?
True
Is 2939 prime?
True
Is 576087 composite?
True
Is 21661 composite?
False
Is 6007 a composite number?
False
Is 62579 a prime number?
False
Is 28486 composite?
True
Is 302723 a composite number?
False
Is 73813 prime?
False
Is 7109 prime?
True
Is 21121 a prime number?
True
Is 302213 composite?
False
Is 1262 a composite number?
True
Is 183457 prime?
False
Is 32467 a prime number?
True
Is 75503 prime?
True
Is 4201 a prime number?
True
Is 106213 prime?
True
Is 5143 composite?
True
Is 446065 prime?
False
Is 13751 composite?
False
Is 71317 a prime number?
True
Is 237587 a prime number?
False
Is 2203 a composite number?
False
Is 39541 a composite number?
False
Is 4967 prime?
True
Is 185621 composite?
False
Is 1711 a composite number?
True
Is 618973 a prime number?
False
Is 477497 composite?
False
Is 1949 composite?
False
Is 2579 a prime number?
True
Is 1032513 a prime number?
False
Is 101037 composite?
True
Is 11351 a prime number?
True
Is 6859733 prime?
True
Is 47735 composite?
True
Is 9563 a composite number?
True
Is 1170905 prime?
False
Is 2819 a composite number?
False
Is 107546 a composite number?
True
Is 298646 a prime number?
False
Is 27143 a composite number?
False
Is 95833 a composite number?
True
Is 66421 prime?
False
Is 30601 prime?
False
Is 97117 prime?
True
Is 38345 a composite number?
True
Is 267941 a composite number?
False
Is 10223 a composite number?
False
Is 17231 prime?
True
Is 49957 a prime number?
True
Is 7069 composite?
False
Is 141211 a composite number?
True
Is 2341271 a prime number?
True
Is 45379 composite?
True
Is 552283 a prime number?
True
Is 1987 prime?
True
Is 4103 prime?
False
Is 65027 composite?
False
Is 3579 a composite number?
True
Is 1151611 a prime number?
True
Is 2789 a composite number?
False
Is 15161 a prime number?
True
Is 408763 a prime number?
True
Is 2411 a prime number?
True
Is 2161 prime?
True
Is 860239 prime?
True
Is 23707 prime?
False
Is 43711 a prime number?
True
Is 887233 a composite number?
False
Is 194851 a prime number?
False
Is 235373 a composite number?
True
Is 3901 a composite number?
True
Is 1702061 composite?
False
Is 522659 prime?
True
Is 1523 composite?
False
Is 977 a composite number?
False
Is 1429469 prime?
True
Is 1657 a composite number?
False
Is 29663 prime?
True
Is 546298 a composite number?
True
Is 1552757 prime?
True
Is 1901 composite?
False
Is 5167 a composite number?
False
Is 323419 a composite number?
False
Is 19567 composite?
True
Is 309929 a composite number?
False
Is 7283 prime?
True
Is 10673 composite?
True
Is 6803 composite?
False
Is 227977 a composite number?
False
Is 9289 a composite number?
True
Is 152267 prime?
True
Is 492593 composite?
True
Is 6947 prime?
True
Is 111713 a composite number?
True
Is 2551587 prime?
False
Is 5969 composite?
True
Is 295693 composite?
False
Is 7277 prime?
False
Is 5111 a composite number?
True
Is 852437 composite?
False
Is 45757 a prime number?
True
Is 66382 composite?
True
Is 372361 a prime number?
False
Is 370399 a prime number?
True
Is 110969 a composite number?
False
Is 11283 a composite number?
True
Is 175543 composite?
False
Is 343517 composite?
False
Is 23083 prime?
False
Is 245771 prime?
True
Is 1027613 a prime number?
True
Is 3274 prime?
False
Is 47599 a prime number?
True
Is 3293 a composite number?
True
Is 16909 a prime number?
False
Is 1189 composite?
True
Is 32467 composite?
False
Is 6109 prime?
False
Is 4271 composite?
False
Is 2650399 a prime 